ue
Is (-334 - 0)/((-48)/10968) a prime number?
False
Let f(c) = 7800*c**2 + 2*c - 27. Is f(5) a prime number?
False
Suppose -11907*w + 318744 + 844229 = -11900*w. Is w a prime number?
False
Suppose 45*g = 49*g - 16. Let h be g/28 + (-13)/(-7). Suppose 385 = 4*b - w, h*b - 2*w - 188 = -0*b. Is b composite?
False
Let m(z) = 9157 + 2*z + 87*z**2 - 44*z**2 - 6*z - 44*z**2. Is m(0) prime?
True
Let y(d) = -13*d - 489. Let k be y(-42). Suppose -5*j + 4*p = 832, 641 = -4*j - 2*p - 3*p. Let u = k - j. Is u a prime number?
False
Let o(n) = n**2 - 15*n - 4. Let g be o(7). Let q = g - -206. Suppose -4*d + 12 = 0, 0 = 5*u - d - 186 - q. Is u a prime number?
True
Let q(w) = -14770*w - 1179. Is q(-17) a composite number?
False
Let t = -18254 - -56662. Suppose 7*p = t + 53621. Is p composite?
False
Suppose -3*b = -0*b - 15. Let k(s) = -2 + 2*s**2 - 2*s + s**2 + b - 9. Is k(5) a composite number?
False
Let l(m) = m**2 + 13*m - 9. Let y(z) = -z - 11. Let g be y(3). Let v be l(g). Suppose 268 + 297 = v*s. Is s a composite number?
False
Let o(l) = -l**3 - 7*l**2 + 8*l + 6. Let g be o(-8). Let x be ((-43)/5)/(-1) + g/(-10). Suppose x*h - 16*h = -5528. Is h composite?
False
Let q = 286992 - -148405. Is q prime?
True
Let x be (22/(-3) + -2)/((-44)/66). Is (-2)/x - 277560/(-21) a prime number?
True
Let f(l) = 6509*l - 1355. Is f(24) prime?
False
Suppose -1477 = o + 424. Let q = o - -3338. Suppose -36*x = -35*x - q. Is x prime?
False
Let l(t) = t**3 + 115 - 300 + 150 - 15*t**2 + 11*t. Is l(16) prime?
True
Suppose 3*j - 12 = -0*j. Suppose 4*u + 1 = 5*v - 8*v, 5*v + 9 = -3*u. Suppose -j*t + 5919 = -5*r, u*t - 3*r = -8*r + 2997. Is t composite?
True
Suppose 9*b = -661 - 239. Let u = 103 + b. Is (-359)/((4 - 10)/(-3) - u) prime?
True
Let n be 678/9 - (-28)/(-21). Suppose -n*g + 43030 = -64*g. Is g a composite number?
True
Suppose 748 = 2*b - 424. Suppose 0 = 42*k - 5709 + 2055. Let f = k + b. Is f composite?
False
Let l(u) = -31*u**3 - 2*u**2 - 7*u - 141. Is l(-8) prime?
False
Let b = 519502 + -315053. Is b a prime number?
False
Let h(q) be the first derivative of q**7/84 - q**6/360 - q**5/30 + q**4/12 + 37*q**3/3 - 31. Let c(z) be the third derivative of h(z). Is c(3) prime?
True
Let y = 23064 + 222455. Is y a composite number?
False
Let f(t) be the second derivative of 8*t**5/5 - 3*t**4/4 - 8*t**3/3 - 19*t**2/2 - 10*t + 4. Is f(8) composite?
False
Let o = -4025 - -5643. Suppose 2*j + 0 - o = 0. Is j composite?
False
Let a be 1 + 13 - (-17)/17. Let m be 36/a*(-20)/(-12). Suppose 0 = -5*k - 5*g + 1100, -m*k + 340 + 549 = g. Is k a composite number?
False
Let p = 306 + -698. Let n = 204 + -1437. Let q = p - n. Is q composite?
True
Suppose 35*a = 41*a - 54. Suppose -a*c + 22589 = -2*c. Is c composite?
True
Is 4*6034 + 48/4*(-5)/(-20) prime?
False
Suppose -a - 2*c = 4*c - 372398, 2*a = 2*c + 744852. Is a a composite number?
True
Let w = 39 + -34. Suppose -3*z + w*f = 17, 4*f + 14 - 31 = -z. Is z/(-1*3/(-5541)) composite?
False
Let u be (-27245)/(-8) + 18/48. Suppose 0 = -4*g - 1058 + u. Is g prime?
True
Is (0 - 1) + -1 - (-4181 - -101) prime?
False
Is 2/(((-64)/131864)/(-4)) a prime number?
False
Suppose 0 = -5*z + 5, 1 = -4*o + 8*o + 5*z. Is o + (-6370)/(-6) + 3/9 a prime number?
True
Let r(b) = 1218*b + 281. Suppose 2*h - j - 32 = 0, -h - 10*j = -6*j - 7. Is r(h) a prime number?
False
Suppose 4*l + 306 = -5*l. Let o be (-4)/(-34) - (1186/l + -6). Let y = o + 138. Is y a prime number?
True
Let n = -2491 - -2486. Let l(r) = 330*r + 12. Let k(i) = i. Let y(q) = 3*k(q) - l(q). Is y(n) a composite number?
True
Let t(u) = -u**3 + 11*u**2 - 7*u - 18. Let k be t(10). Let i be 8 + -2 - (k + -10). Suppose -3*m + 2766 = -s, i*m = 3*m + 2*s + 917. Is m composite?
True
Let q(a) = 153*a + 83. Let z be q(4). Suppose 16*b - 15*b = -3*h + z, 8 = -4*h. Is b a composite number?
False
Suppose -c = 2*h, h + h = 3*c + 16. Let j be (-1*(-2)/h)/(7/(-14)). Is (2/4*-62)/(j/22) a composite number?
True
Let r(z) = -115*z - 14. Let a = 127 + -130. Is r(a) composite?
False
Let o(j) = 84*j**2 + 2*j - 2. Let w be o(1). Is w/(-7) + 30/5 + 18953 composite?
False
Is 36996 + (1/2 - (-74)/148) prime?
True
Suppose -94498 = -2*a - 3*r, a + 3*r = 50502 - 3253. Is a prime?
False
Let r = -776904 + 1210403. Is r composite?
True
Let q(v) = -88*v - 442. Let h be q(-6). Suppose 10 = 3*f - 2*l, 5*f = 2*f - 2*l + 14. Suppose 730 - h = f*b. Is b a composite number?
True
Suppose 2*c + 902027 = 5*u, 0 = -308*u + 313*u - 3*c - 902023. Is u prime?
False
Suppose 648492 + 114440 = 12*o - 749872. Is o prime?
True
Let u(j) = 326*j**2 + 46*j - 53. Is u(-44) a prime number?
True
Let b(g) = g**2 - 2*g - 1. Let n be b(4). Suppose -48 = 3*h - n*h. Is 1516*((-6)/(-8) - 6/h) composite?
False
Let v be (17 + -18 - -1*1) + -24. Let p(j) be the third derivative of -47*j**4/12 + 77*j**3/6 - 13*j**2. Is p(v) a composite number?
False
Let g(f) = 4179*f**3 + 9*f**2 - 20*f - 3. Is g(4) composite?
False
Suppose 7*f = -2*y + 3935880, -y - 2288*f + 2292*f = -1967925. Is y prime?
False
Let f(h) = 2211*h + 145. Let c be f(7). Suppose 13*p - c = 11*p. Is p prime?
False
Suppose -237*k + 44925404 = -21456637. Is k a prime number?
False
Let q = 3979 + -2252. Let x = q + -931. Let t = x + -462. Is t a prime number?
False
Suppose -175*i + 4789827 + 5127880 + 111718 = 0. Is i a composite number?
True
Suppose -41 = -6*r + h, 3*r - 2*h - 22 = r. Let a(t) be the second derivative of -t**5/20 + 3*t**4/4 + 2*t**3/3 - 5*t**2/2 - t. Is a(r) a prime number?
True
Suppose u + 2*u - 9 = 0. Suppose 5*a + 3*k = 6, -3*k - 15 = -u*a + a. Is (-1)/(-3) - (-92)/a a composite number?
False
Is 487462/6*(4 - 1) prime?
False
Suppose 0 = -2*i + 13*h - 15*h + 624748, -5*i + 4*h = -1561861. Is i composite?
True
Suppose b - 21 = -2*s, -2*s = -5*b + 2*s + 147. Suppose -b*k = -18*k - 86085. Is k prime?
False
Let y = -34322 + 333571. Is y composite?
True
Suppose -6*g - 55*g = -2720478. Suppose -46*m = 2*s - 47*m - 44623, -4*m = 2*s - g. Is s a prime number?
False
Is (-5)/10*6 - (-404256 + 4) prime?
True
Let o = 176384 + 18366. Suppose -11*p = -3239 - o. Is p a prime number?
False
Let f(w) = 6*w - 37. Let m be f(10). Suppose 0 = -6*d + m - 5. Suppose -4*k - 10413 = -5*c, c = d*k + 947 + 1140. Is c a prime number?
True
Let s(b) = 1662*b**2 + 102*b - 1525. Is s(12) a composite number?
False
Let k(v) = -9 + 4*v + 9 - v**2. Let i be k(5). Is (-4012)/(-1 - 3)*i/(-5) composite?
True
Let j = 476 + -480. Let d(p) = -1121*p + 23. Is d(j) a prime number?
True
Suppose 25*u - 3487674 - 402551 = 0. Is u prime?
True
Suppose 4*s - 2*q - 5 - 3 = 0, 5*s = q + 10. Suppose 4*p - s*j - 2041 = 353, 1206 = 2*p + 2*j. Suppose -p = -3*r - 27. Is r prime?
True
Is 104/156 + 3262876/12 composite?
True
Suppose 2 = -6*k + 32. Suppose -k*z - 1205 = -8220. Is z composite?
True
Let b be 6768/(-54)*249/(-2). Suppose 7*h - 50091 = b. Is h prime?
False
Suppose -k - 5 = 5. Let d(a) = 13*a**2 + 22*a + 2. Is d(k) a prime number?
False
Is 2 + -2 - (-33140)/(-30)*6/(-4) prime?
True
Let h(y) = 3837*y**2 + 601*y - 9. Is h(-7) composite?
False
Let g be 44/55*5*(0 + 30854). Suppose -11*l = -3*l - g. Is l a prime number?
True
Is (192/(-288))/((-4)/341070) a prime number?
False
Let p be -6*(-9 - 343/(-42)). Suppose -4*z = -5*a - 19089, -p*z - 2*a = -5496 - 18324. Is z a composite number?
True
Let y be (-14)/35 - (-377)/5. Suppose -5*f + 90 = -5*i, -4*f = -4*i + 3*i - y. Is f composite?
False
Let u = 30 + -25. Let p be -10*u/(10/3). Let o = 124 + p. Is o composite?
False
Let m(r) = -4*r**2 - r**2 + 34 + 7*r - 9*r. Let j be m(-6). Let f = j + 291. Is f a prime number?
True
Let n = -28651 - -51772. Suppose -d + n = 8*d. Is d composite?
True
Suppose 2*p = -n + 24, -n - 4*p + 4 = -22. Let u(k) = 123*k + 43. Is u(n) a prime number?
True
Let w(o) = -3256*o**3 - 2*o + 1. Let p be w(1). Suppose -9*i - 114*i = -687570. Let z = i + p. Is z prime?
True
Let g(z) = -4920*z**3 - 3*z**2 - z + 1. Let t(c) = -4*c + 67. Let m be t(17). Is g(m) a composite number?
False
Let a = -447390 + 1423463. Is a prime?
False
Let a(y) = 112*y**2 + 83*y + 1745. Is a(-52) prime?
True
Suppose -869574 = 22*k - 4595032. Is k a composite number?
False
Suppose a = 5*w - 84, -4*w - 196 = 2*a - 0*w. Let l(d) = -95*d - 108. Let c be l(-3). Let j = a + c. Is j a compo